 Calculate the highest common factor of s and 224.
7
Let o = 1500 - -362. Suppose o = 8*t - t. Calculate the highest common factor of t and 38.
38
Suppose -w - 3*p + 48 = 0, -w + 3*p = -p - 20. Let o be (-9)/2*12/18. Let d be -1 - (o - (7 - 0)). What is the greatest common divisor of w and d?
9
Let y = -47 - -100. Suppose -2*w - 19 + y = 0. Calculate the greatest common factor of w and 17.
17
Let g = -31 - -4. Let o = -22 - g. Let m = 6 - 1. What is the highest common factor of m and o?
5
Suppose -17*m = -14*m - 99. Let s(i) = -i**3 + 10*i**2 + 13*i + 11. Let d be s(11). Calculate the highest common factor of d and m.
33
Let o be (-4)/(-20) - 158/(-10). Let q(s) = 2*s - 5 + 2*s - 8 - 3*s. Let p be q(o). Calculate the greatest common divisor of p and 3.
3
Let o(i) = 2*i**2 - 7*i. Let s be o(-4). Suppose -2*b = 22 - s. Calculate the greatest common divisor of 19 and b.
19
Let j(f) = -f**3 - 3*f**2 + 7*f + 7. Let y be j(-5). Suppose 3*o - 5*b - 44 + 13 = 0, 3*b = -5*o - 5. Calculate the greatest common factor of y and o.
2
Let m(c) = 3*c**2 + 7*c. Let r be m(-5). Suppose 3*y + 599 = 671. Calculate the highest common factor of r and y.
8
Let d be 235/4 - (-1)/4. Calculate the greatest common factor of 59 and d.
59
Let n(j) = -2*j + 42. Let m be n(3). What is the greatest common divisor of 162 and m?
18
Let i be 2 + (-11312)/(-12) + (-6)/(-18). Calculate the greatest common factor of i and 210.
105
Let a(v) = 45*v + 2. Let l be a(7). Let o = 479 - l. What is the highest common divisor of o and 18?
18
Let b be -348*(-48)/224*14/12. What is the highest common factor of 29 and b?
29
Let r(j) = -2*j**3 - 10*j**2 - 7*j - 20. Let m be r(-7). Calculate the greatest common divisor of m and 90.
45
Let t(u) = -13*u + 9*u + 4 - 8*u. Let n be t(-11). Suppose 144 = 5*j - n. Calculate the highest common factor of j and 7.
7
Let l be 2 + 34 + (1 - 0). Suppose 2*y = 10, -3*k + y + l = -2*k. Calculate the greatest common factor of k and 63.
21
Suppose 10*h - 125 = -5. Suppose -9*c + h*c - 33 = 0. Calculate the highest common factor of 44 and c.
11
Suppose -4*a - 12 + 135 = 3*g, -4*g + 154 = 2*a. Let f = -9911 + 9985. What is the greatest common divisor of g and f?
37
Let t(v) = v**3 - 8*v**2 + 14*v - 17. Let z be t(5). Suppose 4*w = w + 99. Let h = w + z. What is the greatest common divisor of 88 and h?
11
Let l = -14210 - -14240. Let y(b) = -44*b + 1. Let f be y(-1). What is the highest common divisor of f and l?
15
Let x(k) = 53*k + 668. Let b be x(-11). What is the highest common divisor of 45 and b?
5
Let d be (42/8)/(45/240). Suppose y - 48 = -d. Calculate the greatest common factor of y and 120.
20
Let o = -9 - -17. Suppose -5*q + 67 + o = 0. Calculate the greatest common factor of q and 15.
15
Let r = 947 - 848. What is the highest common factor of r and 352?
11
Let x be 95 + (2 - (-3 + 0)). Let b = -98 + x. Calculate the greatest common factor of b and 18.
2
Suppose 2*p = -j + 1, 2*j - 39 = -5*j + 2*p. Calculate the greatest common factor of 365 and j.
5
Suppose 3*o + 2*j - 480 = 0, -2*o + 109 = -2*j - 221. Calculate the greatest common divisor of 81 and o.
81
Let v be 25 + (-2)/(2 + 0). Let k = -104 - -134. Let h be 0/1 + k + -6. Calculate the greatest common factor of v and h.
24
Suppose -3*j = -5 - 16. Suppose -5*o = -j*o + 12. Calculate the highest common divisor of o and 48.
6
Let f be 24/(-2)*(-4)/6. Let l be 9/(-6) - (-92)/f. Let x(p) = p**3 + 7*p**2 - p + 8. Let b be x(-6). What is the greatest common divisor of b and l?
10
Let z = -183 + 215. Let a be (21 - 1)*(-2 + 1). Let f = z + a. What is the greatest common factor of 36 and f?
12
Let p = -1032 - -1122. What is the greatest common factor of p and 60?
30
Suppose -2*d + 1411 + 155 = 0. Suppose -f = -0*f - 504. Let p = d - f. Calculate the greatest common factor of 31 and p.
31
Let x be (1 + -14 - -4)*(-58)/2. What is the highest common factor of x and 72?
9
Suppose 5*f - 13965 = -30*f. Calculate the highest common factor of 57 and f.
57
Suppose 0 = -4*g - 2*f - 22, 2*g - f - f + 20 = 0. Let o be g/(-1)*5 + 1. Let n = -12 + o. Calculate the highest common divisor of n and 8.
8
Suppose 0*z + 4 = -2*z, -2*l + 5*z = -58. Calculate the greatest common divisor of 40 and l.
8
Suppose 0 = -4*m - 3*o + 234, -5*m + o = 6*o - 290. What is the highest common factor of m and 8?
4
Let f = 115 - 76. Let o(r) = 4*r - 7. Let p be o(18). Suppose -17*u + 22*u - p = 0. What is the greatest common divisor of f and u?
13
Suppose 0 = 4*l + 5*a - 84, a + 60 = 2*l - a. Let u = l - 3. Calculate the highest common divisor of 92 and u.
23
Let i(r) = r**3 - 2*r**3 - 10 - 14*r**2 - r**2 - 18*r + 0*r**3. Let h = 24 + -38. Let f be i(h). Calculate the highest common divisor of 23 and f.
23
Suppose -f - 22 = -2*o, -30 = 3*o + 3*f - 72. Calculate the greatest common factor of 204 and o.
12
Let b(u) = 2*u - 8. Let r be b(5). Let f be (r/6)/((-1)/(-6)). Suppose -5*a - f*z = -865, -4*a + 2*z = z - 679. What is the greatest common factor of a and 19?
19
Suppose 27 = -2*v + s + 306, 5*v = -s + 701. Calculate the highest common factor of 40 and v.
20
Let t(n) = -14*n - 49. Let f be t(-4). Let k be ((-14)/(-8))/((-3)/(-36)). What is the greatest common factor of f and k?
7
Let i = 64 + -62. Suppose 17 = i*o - 7. Calculate the greatest common factor of 12 and o.
12
Suppose 20*u + 192 = 44*u. What is the greatest common divisor of u and 40?
8
Let y be 18/126 + (4 - 1010/(-35)). Calculate the greatest common divisor of 55 and y.
11
Let l(k) = 25*k + 2. Let u be l(1). Let n(f) = 5*f**2 + 8*f + 5. Let m be n(-2). Calculate the highest common divisor of u and m.
9
Let b = -1037 - -1101. Calculate the greatest common divisor of 480 and b.
32
Let b = -430 + 474. What is the highest common divisor of 154 and b?
22
Suppose 0*b - 6*b = -16212. What is the greatest common divisor of 14 and b?
14
Let j = 99 + 933. Calculate the greatest common divisor of j and 12.
12
Let g(r) = -2*r**2 + 43*r - 152. Let f be g(16). Calculate the highest common divisor of 36 and f.
12
Suppose -8*g + 473 + 79 = 0. Calculate the greatest common factor of g and 18.
3
Let w(x) = x**3 + 8*x**2 - 4*x + 4. Suppose 1 = a + 8. Let y be w(a). Suppose 7*h - 9*h + 18 = 0. Calculate the highest common divisor of y and h.
9
Let a = 1436 - 1059. What is the highest common divisor of 29 and a?
29
Let m(v) = v - 5. Let h be m(9). Let l = -2 + h. Suppose 3*n - 2*n = 1. Calculate the greatest common factor of l and n.
1
Suppose 14*a = 9*a + 3*k + 11131, a - 5*k - 2235 = 0. What is the highest common divisor of a and 25?
25
Let s = -562 + 1186. Calculate the highest common divisor of s and 78.
78
Let n be (-5772)/(-185) - (-6)/(-5). What is the highest common divisor of 530 and n?
10
Let m be (48/4)/(12/8). Let x be (-15)/(-20)*8 + 66. Calculate the greatest common factor of x and m.
8
Let o be 2/(-15)*-3 + (-612)/(-20). Suppose o*g + 90 = 36*g. Let x = -11 + 23. Calculate the greatest common factor of g and x.
6
Suppose 0 = 4*o + b - 35, -2*b + 4 = o + 3*b. Let r(j) = j**2 - 4*j + 20. Let f be r(o). Calculate the greatest common factor of f and 5.
5
Let w(r) = 2*r + 19. Let h be w(0). Suppose -h*u + 22*u - 30 = 0. What is the greatest common divisor of u and 2?
2
Let r = 32 - 29. Suppose 0 = v + 2, 4*o = v + 7 + r. What is the highest common factor of o and 24?
2
Let r be (-132)/16 + 12/(-16). Let u = 13 + r. Calculate the highest common factor of 28 and u.
4
Suppose -4*x - 2514 = -2*p, 2*p + 2516 = 4*p - 3*x. What is the greatest common factor of p and 97?
97
Let h be -36*(4 - -11*6/(-12)). Calculate the highest common divisor of h and 38.
2
Suppose 5*v + c = -0*c + 292, -288 = -5*v + c. Suppose v = 2*p + 4. What is the highest common factor of 54 and p?
27
Suppose r = -2*b - 7 + 71, -184 = -3*r - 2*b. What is the highest common factor of r and 340?
20
Let j(u) = 17*u - 27. Let g be j(-9). Let z = 28 - g. What is the highest common divisor of z and 26?
26
Suppose 7 = -6*a + 37. Suppose -4*t + 62 = q - 48, 65 = q - a*t. Suppose 5*r + 9 = 59. Calculate the highest common divisor of q and r.
10
Let s(n) = -n**2 + 3*n + 35. Let p be s(-4). What is the highest common divisor of p and 133?
7
Let x = 11 + 4. Let b = -120 + 127. Let m = x + b. What is the highest common factor of m and 2